undreds digit of m?
2
Suppose 6809 = 9*o + 2*o. Let h = o + -460. What is the units digit of h?
9
Let b(o) be the first derivative of o**4/4 - 26*o**3/3 + 17*o**2 - 73*o - 155. What is the tens digit of b(27)?
7
Let k(g) = g + 2. Let y be k(1). Let h be 49 - y/(-6)*6. What is the units digit of (-810)/(-26) - 8/h?
1
Let f be 4 - (-4 + 1 + 3). Let s(z) = 21*z**3 - 15*z**2 - 5*z. What is the hundreds digit of s(f)?
0
Let l = 202 - 205. Let o(b) = 18*b + 136. What is the units digit of o(l)?
2
Suppose 0 = -x - 2*k + 11, 3*k - 4 = 2*k. Suppose x*d + j - 4378 = 0, 6*d - 3*j = 3750 + 5016. What is the hundreds digit of d?
4
Let h = 19659 + -11549. What is the hundreds digit of h?
1
Let o(u) = u**3 - 25*u**2 - 24*u - 34. Let m be o(26). Suppose -3*k = x + 8, -4*k - 4*x = -14 + 38. What is the tens digit of 53 + m/(-3) + (-4 - k)?
4
Let o(p) = -16080*p + 720. What is the units digit of o(-2)?
0
Suppose 0 = 2*j - 4*s - 3589 - 11907, 4*j + 2*s - 30972 = 0. What is the units digit of j?
4
Suppose 2*s + 4*r + 392 = -210, -2*s - 2*r = 612. Let o = s + 509. What is the units digit of o?
8
Let s(w) = 2*w**3 + w**2 + w - 1. Let q(o) = 10*o**3 + 17*o**2 + 15*o - 17. Let p(r) = -q(r) + 4*s(r). What is the units digit of p(-9)?
7
Let v(w) = -w**3 - 2*w**2 - 9*w + 6710. What is the units digit of v(0)?
0
Let n(a) = -a**2 - 14*a + 22. Let u be n(-15). Suppose -u*c + 19 = -9. Suppose -c*q - 2*z = -266, -3*q + 8 + 191 = 2*z. What is the tens digit of q?
6
Suppose -k + 31 = -h - 6100, -7 = -h. What is the thousands digit of k?
6
Let r = -8256 + 18110. What is the tens digit of r?
5
Suppose -3*q + 3379 = -2*s, -2*s + 12 = s. Suppose 7*t + 135 = q. Let n = t + -70. What is the tens digit of n?
7
What is the thousands digit of 7494 - (-14 + 12 - 0)?
7
Let h = 324 - 284. Suppose -h*j - 3101 = -47*j. What is the tens digit of j?
4
Suppose 0 = g + f + 5, -4*f - 1 = -3*g - 30. Let n(q) = -q**2 - 7*q - 3. Let z be n(g). What is the units digit of 4/2 + 6 + z + -3?
2
Let h be -56*(-2 - (185/10 + 1)). Let d = h - -203. What is the tens digit of d?
0
What is the thousands digit of 10*414037/390 + 2/(-6)?
0
Let r be 384531/210 + 2/(-20). Suppose -2*m = p - 5*m - r, -5*m = 20. What is the tens digit of p?
1
Suppose 2*b = -s + 15454, 0 = s - 21 + 25. What is the tens digit of b?
2
Suppose -129 = 2*x + x. Let y = 46 + x. Suppose -y*k + 211 - 73 = 0. What is the tens digit of k?
4
Let o(x) = -210*x**3 - x**2 - x + 1. Let r be o(-1). Let k = r + 524. What is the hundreds digit of k?
7
Let o(c) = -6*c - 128. Let k be o(-22). What is the units digit of ((-518)/(-6) - k)*15?
5
Let h(m) be the third derivative of m**5/60 + m**3/6 - 7*m**2. Let u(j) = -82*j**2 - 5*j + 6. Let f(k) = 2*h(k) - u(k). What is the tens digit of f(1)?
8
Let q(v) = v**2 - 37*v + 10. Let a be q(15). Let r = a - -495. What is the hundreds digit of r?
1
Suppose -209 = 9*r - 20*r. Suppose 0 = -16*k + r*k - 2*l - 1349, l = -1. What is the tens digit of k?
4
Let m = 26528 - 14034. What is the ten thousands digit of m?
1
Let b = -32762 + 46071. What is the thousands digit of b?
3
Let k be 2*1/(-7) - 4/(-14). Suppose -25*c + 24*c + 2924 = k. Suppose c = 16*b + 1084. What is the tens digit of b?
1
Let q = 32192 + -31687. What is the hundreds digit of q?
5
Suppose 74*d - 49*d = 0. Suppose -20*a + 40623 - 9603 = d. What is the units digit of a?
1
Let h = -258 - -260. Suppose h*m - 390 - 146 = 0. What is the units digit of m?
8
Suppose 187*k = 190*k + 5*h - 16167, -3*k + 3*h + 16215 = 0. What is the thousands digit of k?
5
Suppose 941 = -2*q - 1475. Let y = 1897 + q. What is the hundreds digit of y?
6
Let p = 11410 + -2468. What is the tens digit of p?
4
Suppose -18 = 20*v - 78. What is the tens digit of v/9 - (-25993)/33?
8
Suppose -14*i - 2362 = 2356. Let a = -924 + 310. Let u = i - a. What is the units digit of u?
7
Suppose 14*a - 7*a = 0. Suppose -7*q + 3*q + 296 = 0. Suppose a = 13*n - 14*n + q. What is the tens digit of n?
7
Suppose 0 = -2*y + 4. Suppose y*u - 119 = -35. Let b = -22 + u. What is the units digit of b?
0
Let q be (-32)/14 - 8/(-28) - -1397. Suppose -3*z - k = k - 841, 5*z + 2*k - q = 0. What is the units digit of z?
7
Let s = -223 + 423. What is the tens digit of (4/5)/((45/s)/9)?
3
Let m = 130 + -72. Suppose -m = 4*j - 454. What is the units digit of j?
9
Let d(q) = 4*q + 93. Let x be d(-41). Let m = 786 - x. What is the units digit of m?
7
Let v = -1468 - -953. Let s = 1158 - v. What is the units digit of s?
3
Let h(p) = 47*p**3 - p**2 + 2*p - 2. Let x = 130 - 126. Suppose 0 + 4 = x*b. What is the units digit of h(b)?
6
Suppose 0 = -22*n + 3*n + 152. Suppose 0 = n*i - 1292 - 892. What is the hundreds digit of i?
2
Let b = -83 + 96. Suppose 0 = -10*q + b*q - 9. Suppose 985 = q*a + 2*a. What is the units digit of a?
7
Let o(p) = -3092*p + 4967. What is the hundreds digit of o(-3)?
2
Let q be 12/90 + 33879/45. Let j be 4/12*1*q. Let n = -66 + j. What is the units digit of n?
5
Let w be 70 - -1*(-1 + 2)*1. Let y = -120 + w. What is the units digit of (-2247)/y + -3*(-3)/63?
6
Let a = 19132 + -8077. What is the units digit of a?
5
Let r = -7692 + 17148. What is the thousands digit of r?
9
Let l(t) = 5*t**3 + 11*t**2 - 16*t + 1. Let v(o) = -6*o**3 - 10*o**2 + 15*o - 1. Let k(z) = -7*l(z) - 6*v(z). What is the units digit of k(17)?
3
Suppose 2*b + 3*s + 45 = -2*s, -2*s = -4*b - 126. Let u = b + 28. What is the tens digit of ((-16)/10)/(u/15)?
1
Let y be (4 + -2)*4/(-20)*-5. Let s(h) = -4*h + 123 + 165*h**y + 6*h - 124. What is the units digit of s(1)?
6
Let r(f) be the third derivative of 1/12*f**5 + 2/3*f**3 + 0 + 0*f - 1/12*f**4 - 11*f**2. What is the tens digit of r(5)?
1
Let m = -27 + 42. What is the units digit of (3 - m)*40/(-6)?
0
Suppose 3*h - k + 132 = -0*h, k + 3 = 0. Let l = 101 + h. What is the units digit of l?
6
Let n = -13974 - -54803. What is the tens digit of n?
2
Let o(a) = -196 + 190 - a**2 + 0*a + 3*a**3 - 2*a. Let x be o(4). Suppose 4*i = -2*u + 238, -i + x = -2*u + 425. What is the hundreds digit of u?
1
Let m(w) = w**3 - 3*w**2 - 3*w + 6487. What is the units digit of m(0)?
7
Let x(a) = -8*a**3 + 2*a**2 - 2*a - 1. Let m be x(1). Let g(y) = -y**2 - 9*y + 5. What is the units digit of g(m)?
5
What is the units digit of ((-1)/7*-24)/(3/19656)?
4
Suppose 3*a = -j - 23, 0*a = 4*a - 5*j + 18. Let z(r) = r**3 + 14*r**2 - 4*r + 134. Let x be z(-15). What is the tens digit of (-22 - x)/((2/(-2))/a)?
6
Let v = 51148 - 30420. What is the tens digit of v?
2
Let f(y) = -3*y - 53. Let w be f(-18). Let l(k) = -4*k - 4. Let n be l(-7). Let h = w + n. What is the tens digit of h?
2
Suppose -15 = -3*d, -74473 = 48*u - 50*u + d. What is the tens digit of u?
3
Let h = 818 - 167. Let m = 1633 - h. What is the units digit of m?
2
Suppose 4*h - 2*h = 4*s - 8, 4*s - 14 = -h. Let n = s - -2. Suppose -n*z - 588 = -3*t - 2*z, 4*z - 752 = -4*t. What is the tens digit of t?
9
Let p = 50479 + -30283. What is the units digit of p?
6
Let i = 51 + -61. What is the tens digit of i/(-5) - (-1 + -195)?
9
Let j(p) = p**2 + 19*p + 103. Let m be j(-9). Suppose -5*i + 3036 = 4*n, 15*i = m*i - 8. What is the units digit of n?
4
Suppose -3*d - 23 + 371 = 3*h, 0 = 4*h + 5*d - 460. Suppose 4*n = -3*a + 226, -6*a + 5*n = -4*a - h. Let z = 12 + a. What is the units digit of z?
2
What is the units digit of (-304)/(-57) + 219385/51?
7
Suppose -10*y + 10120 = -79230. Suppose -20*w + 12545 + y = 0. What is the hundreds digit of w?
0
Let x(r) = 4*r**2 - 173*r - 9 + 176*r - 3*r**2. Let b be x(-5). What is the tens digit of (-4)/(6/(-123)*b)?
8
Let c(t) = -40*t - 40. Let o be c(-2). Let m(w) = -2*w + 24. Let g be m(0). Suppose 4*j - o = g. What is the tens digit of j?
1
What is the units digit of (-4)/(-26) + 110/195*4389?
6
Let v be (-45)/120 + (-67)/(-8). Let u = v + -6. Let y(k) = 2*k**2 + k. What is the units digit of y(u)?
0
Let u be (-134)/(((-4)/(-6))/((-14)/42)). Suppose u = 5*z + 2. Suppose -4*q - 480 = -4*c, -4*q = z*c - 10*c - 367. What is the hundreds digit of c?
1
Let j(w) = -w**3 + 11*w**2 - 10*w - 19. Let z be j(10). What is the units digit of (-2569)/(-4) + z/76?
2
Suppose -3*i - 916 = -5*w, -w + 0*i + 180 = i. Let m = -49 + w. What is the hundreds digit of m?
1
Let g = 178 - 276. Let s = -98 - g. Suppose b + b - 2 = 